 y + -16. What is the highest common factor of c and 192?
64
Let p(h) = h**3 + 11*h**2 - 22*h - 25. Let b be p(-12). What is the highest common divisor of b and 19?
19
Suppose 0 = -84*z + 74*z + 960. Calculate the highest common factor of 60 and z.
12
Suppose 7*b - 2055 = -2027. What is the greatest common divisor of 148 and b?
4
Let h(z) be the third derivative of -5*z**6/6 - z**5/60 - z**4/24 - z**3/6 + 7*z**2. Let k be h(-1). What is the highest common factor of k and 11?
11
Let i = -30 + 289. Calculate the highest common divisor of 37 and i.
37
Let i(o) = 2*o**2 + 6*o + 5. Let w be i(-4). Let g = w - 9. Suppose 2*s - 13 = 7. What is the greatest common divisor of g and s?
2
Let y be (76/(-57))/(5/((-150)/4)). Calculate the greatest common factor of 10 and y.
10
Suppose 0*x = 3*x - 147. Suppose 5*b = -x + 179. Suppose 5*a = -3*s + 51, 4*a - b = 2*s + 3*s. What is the greatest common divisor of 18 and a?
9
Suppose -2*u + 1 = -3*a, -4*a - 2 + 10 = -5*u. Let q be 22 + 0 + 2 + a. Calculate the greatest common divisor of q and 14.
7
Let x(v) = 5*v**2 + 8*v + 28. Let b be x(-10). Calculate the highest common divisor of 42 and b.
14
Let m(a) = 493*a - 2. Let o be m(2). Suppose 0 = -4*u + o - 8. Suppose -5*n = -2*r + 141, 5*n = 4*r - u - 53. What is the greatest common divisor of 52 and r?
26
Suppose -46 = -u + 3*r - 6*r, -4*r = 8. What is the greatest common divisor of u and 52?
52
Let c = -634 + 654. What is the highest common factor of c and 540?
20
Let i = 67 + -38. Calculate the highest common factor of 319 and i.
29
Suppose 86 + 164 = 10*o. Let a be (o/10)/((-3)/(-6)). Calculate the highest common factor of a and 65.
5
Let k(s) = -s**3 + 11*s**2 + 3*s - 27. Let l be k(11). Calculate the highest common factor of 14 and l.
2
Suppose -35 + 11 = -r. Let d be 6/(-51) + 1644/102. What is the highest common factor of d and r?
8
Let u be (-4)/6 + 38/3. Let q(v) = -v + 10. Let t = -11 + 18. Let h be q(t). What is the greatest common factor of u and h?
3
Let p = 145 + 289. What is the highest common factor of 62 and p?
62
Let c be 286/12 + 4/24. Let t = -3647 + -2123. Let m be t/(-30) + (-2)/6. Calculate the greatest common divisor of c and m.
24
Let b(c) be the first derivative of 7*c**2/2 - 34*c + 11. Let q be b(7). What is the greatest common divisor of 60 and q?
15
Let a = 260 + -148. Suppose a = 6*g - 104. Calculate the greatest common factor of g and 12.
12
Let o(z) = 2 + 1 + 7*z**2 - z**3 - 2 + 9*z. Let d be o(8). Suppose -3*f = -4*j + 97 + 236, 411 = 5*j - 2*f. Calculate the highest common divisor of j and d.
9
Suppose 0 = 8*i - 3*i - 85. Let h = -243 + 432. Let j = -53 + h. Calculate the highest common factor of j and i.
17
Let r = 671 + -665. Suppose -3*s - 2 = -8. Suppose 0 = -s*f + f + 66. What is the greatest common factor of f and r?
6
Suppose -330*b + 326*b = -60. What is the greatest common factor of 195 and b?
15
Let y = 137 - 109. What is the greatest common divisor of y and 64?
4
Suppose -5 = -4*n + 5*t, -t = n - 5*n + 1. Suppose 21 = 3*h - 2*b, -h = -n*h + b - 7. Calculate the highest common divisor of 21 and h.
7
Suppose -2*u = -4*b + 312, 3*b = 5*u - 8*u + 252. Calculate the highest common divisor of b and 400.
80
Suppose -4*l = -768 - 224. Suppose 0 = -4*b - x + 227 + 113, x = 3*b - l. Calculate the highest common divisor of 28 and b.
28
Suppose g = d + d + 329, 4*g - 5*d = 1301. Calculate the highest common divisor of 116 and g.
29
Let z = -2143 - -2225. What is the greatest common divisor of z and 2050?
82
Let n(k) = k - 4. Let y be n(7). Suppose y*g + 0*g - 240 = 0. Suppose d - 2*w = 4*d - g, d = -5*w + 5. Calculate the highest common factor of d and 15.
15
Suppose b - 8*b - 259 = 0. Let j = -17 - b. What is the greatest common divisor of 100 and j?
20
Let x = 89 - 83. Suppose -5*n + 1012 = x*n. Calculate the greatest common divisor of n and 23.
23
Suppose -p - 1 + 14 = -3*w, 5*w + 4*p + 16 = 0. Let b be (56/(-6))/(w/(-30)). Let g be 3/((6/b)/(-3)). Calculate the highest common divisor of g and 15.
15
Let t(a) = -11*a**2 + 3*a + 30. Let c(s) = 4*s**2 - s - 10. Let m(o) = -8*c(o) - 3*t(o). Let h be m(4). What is the greatest common divisor of 3 and h?
1
Suppose 4*w + 4*y - 484 = 0, -116 = -2*w + 5*y + 98. Calculate the highest common factor of w and 507.
39
Let a = 21 - 19. Suppose -4*o - 5*j + 12 = 0, a*j = -j. Let m be -5*(o + -8 + 0). What is the highest common divisor of m and 5?
5
Let y = -782 + 787. Let m(v) = v + 5. Let l be m(-5). Let r be l/(-2) - (-22 - -2). Calculate the highest common divisor of y and r.
5
Suppose 3*s - 51 = -3*y, 3*s - 41 - 24 = 4*y. Suppose 2*b - 4*v = 118, 3*b + 5*v - 173 = 7*v. Calculate the highest common divisor of b and s.
19
Let p = -2 - -3. Let m(r) = -2*r**2 + 10*r - 11. Let j be m(6). Let u = j + 29. Calculate the highest common divisor of p and u.
1
Let c = -14 + 10. Let k be (c - (-45)/6)*4. Calculate the highest common factor of k and 126.
14
Suppose 2*r - 46 - 22 = 0. Let d = -21 + r. Calculate the greatest common divisor of 26 and d.
13
Let d = -11 - 4. Let j be (70/d)/(2/3). Let n be 2/4*-4*j. What is the greatest common divisor of n and 126?
14
Let j = 27 - 19. Let n be (228/j)/(1 + 50/(-56)). What is the highest common divisor of n and 14?
14
Let f(v) = -v**2 - 15*v + 12. Let s be f(-8). What is the highest common divisor of 4 and s?
4
Let z = 293 - 233. Calculate the highest common divisor of 690 and z.
30
Let y = -10 + 10. Suppose y*d - d + 38 = 0. Let b = d - 12. Calculate the greatest common factor of b and 26.
26
Suppose -2*f - 5 = -q - 211, f + 5*q = 114. What is the greatest common factor of f and 1404?
52
Let j = -313 - 40. Let l = 529 + j. What is the greatest common divisor of l and 22?
22
Suppose -3*l + 18 = 3*y, 5*y - 42 = -0*y - 2*l. Let c = y + -37. Let p be c/4*48/(-18). Calculate the highest common divisor of p and 12.
6
Let t(u) = -u**2 + 5*u + 5. Let o be t(5). Let v = o - 12. Let w be (2/(-6))/(v/126). Calculate the highest common factor of 15 and w.
3
Let d = -20 - -24. Suppose k + d*v + 496 = 6*k, 0 = k + v - 92. Calculate the highest common divisor of k and 12.
12
Let u = 105 - 55. Suppose -2*v + 3*x + 27 = 0, x = -4*v + 3*x + u. What is the greatest common divisor of v and 3?
3
Suppose -18 = 277*l - 278*l. Calculate the greatest common factor of l and 1044.
18
Suppose -5*k = -2*k + 15, -5*m - k = -2795. Suppose 7 = 2*s - 6*s + 5*c, 2*s - 3*c = -5. Suppose s*r = -3*r + m. What is the highest common divisor of 16 and r?
16
Let n(z) be the third derivative of z**5/60 - 17*z**4/24 - z**3 + 9*z**2. Let k be n(18). Calculate the greatest common factor of k and 96.
12
Let j = 75 + -15. Suppose -h + 3 + 21 = 0. Calculate the highest common divisor of h and j.
12
Let g be (-3*(-4)/(-12))/(-1). Calculate the highest common divisor of 32 and g.
1
Suppose -44*o = -10*o - 748. Calculate the highest common divisor of o and 451.
11
Let j(d) = -d**3 - 23*d**2 + 16. Let u be j(-23). What is the greatest common divisor of u and 2?
2
Suppose 5*m - 10 = 0, -m - 4*m = -5*g + 460. Calculate the greatest common factor of 611 and g.
47
Let p = -40 + 59. Let q(d) = -d**3 + 55*d**2 + 117*d - 19. Let h be q(57). What is the highest common divisor of p and h?
19
Let r = 416 - 400. Suppose -3*h - 33 = -3*k, 3*k + 2*k + 4*h - 100 = 0. Calculate the highest common divisor of r and k.
16
Suppose 12 = -17*f + 19*f. Let r(i) = 3*i - 12. Let k = -5 + 14. Let m be r(k). What is the greatest common divisor of m and f?
3
Suppose -3*y - 2*j + 31 = 0, 0 = 3*y - 5*j + 3 + 1. Let k be 4/1*273/12. What is the highest common factor of k and y?
7
Suppose 14*o + 178 = 1158. What is the greatest common factor of 10 and o?
10
Let t(m) = -m**3 + 12*m**2 - 9*m + 6. Let b be t(8). What is the greatest common divisor of 5 and b?
5
Suppose -11*t = -13*t + 48. Let f be t/(-60) + (-284)/(-10). Calculate the highest common divisor of 28 and f.
28
Let b(u) = u**2 + u + 5. Let x be b(3). Let d(m) = 2*m. Let o be d(2). Let a = x - o. Calculate the highest common divisor of a and 117.
13
Let y(g) = -72*g + 167. Let d be y(-17). What is the greatest common divisor of d and 13?
13
Let v = -93 - -141. Let y = v + -24. What is the greatest common factor of y and 216?
24
Let l(r) = 2*r**2 + r**3 + 3*r - 3*r**2 - 8*r*